be 7/2 - 4/(-8). Suppose r*t - 6*t = 2. Let b(h) = -28*h**3 - h - 1. What is the units digit of b(t)?
8
Let k be 3/(4 + 13/(-4)). Let h(g) = 11*g + 7. Let r be h(k). Let z = 100 - r. What is the tens digit of z?
4
Suppose 3*h = -h. Suppose 5*j = 2*y + 5, 5*y - 3*j + 3 + 0 = h. Suppose -b + 21 + 4 = y. What is the units digit of b?
5
Let v = 586 + -276. Suppose -2*p + v = 3*p. Suppose 3*l - 12 = 0, 3*t + l - 32 = p. What is the units digit of t?
0
Suppose -4*k - 6 + 2 = 0. Let l be 1/(k*(-1)/2). Suppose -l*f = f - 48. What is the units digit of f?
6
Suppose -3*v + 4 = 3*o - 4*v, 4*o - 5*v = -13. Let a be 0 + o - (-3)/(-1). Suppose 2*b + 4*x - 62 + 16 = a, 4*b - 2*x = 62. What is the tens digit of b?
1
Let y be ((-54)/(-12))/((-3)/((-12)/(-2))). What is the tens digit of 126/(1/1) + y + 9?
2
Let t = -2 + 109. What is the units digit of t?
7
Let r be (-2 + 17 - 4) + -3. What is the tens digit of r/10*(-860)/(-8)?
8
Let t be (-2)/3 - 4/3. What is the units digit of 5/10 + (-13)/t?
7
Let c be (-347)/5 + 12/(-20). Let i = c - -72. What is the units digit of i?
2
Let j be (-16 - -17)/((-1)/(-5)). Let y = -48 - -68. Let d = y + j. What is the units digit of d?
5
Let l = -5 - -8. Suppose 0 = 7*x - 12*x + 15. Suppose x*i - 74 = -2*d, -i + 29 = -l*d - 3. What is the units digit of i?
6
Suppose -4*w + 2742 - 358 = 0. Suppose v = -5*k + 1004, 2*k - w = -k + v. Suppose -q + 4*p - p = -40, p = -5*q + k. What is the units digit of q?
0
Suppose -21*j - 50120 = -61*j. What is the hundreds digit of j?
2
Let o(q) = -q**3 - 4*q**2 - q + 1. Let b be o(-4). Suppose -3*g + 4*g - b = 0. What is the tens digit of 5*(3 + 7/g)?
2
Let m(l) = 8*l**2 - 59*l - 5. What is the hundreds digit of m(14)?
7
Suppose 33*k = -74*k + 332128. What is the units digit of k?
4
What is the tens digit of 2/(4/(-2)*2/(-994))?
9
Suppose -m = m - 6. Suppose 0*s = 5*u + 3*s - 121, -m = s. What is the tens digit of u?
2
Suppose 24*d = 3*s + 25*d - 402, -4*d = 2*s - 268. What is the units digit of s?
4
Let s be 1/(-4) + 77/4. Suppose -3*z - 6 = -5*o - 2*z, o - z = 2. Let t = o + s. What is the units digit of t?
0
Suppose -4*f = 7*f - 132. What is the hundreds digit of (-9)/(-54) + (-2794)/f*-1?
2
Let b be (-4)/(-8)*(-3 - -7). Suppose 2*j = -d - b*j + 38, -28 = -d + j. What is the tens digit of d?
3
Let r = 2 + 27. Let s = r - 29. Suppose 2*j - 10 + 0 = s. What is the units digit of j?
5
Suppose -21*p + 1787 = -4009. What is the units digit of p?
6
Let d = 384 + -215. Suppose -5*z - 2*m + 205 = 0, -5*z + 36 = 5*m - d. What is the units digit of z?
1
What is the hundreds digit of 0 - (1/11 - 50507/187)?
2
Let x(v) = v - 1. Let g be x(1). Suppose -7*i + 409 + 165 = g. What is the tens digit of i?
8
Suppose -218*u = -225*u + 3276. What is the hundreds digit of u?
4
Let o = -373 + 730. What is the tens digit of o?
5
Let f(w) = 482*w - 18. What is the thousands digit of f(6)?
2
What is the hundreds digit of 12998/10 + (-84)/(-70)?
3
Let f(l) = 268*l - 411. What is the hundreds digit of f(3)?
3
Let d(x) be the second derivative of -5*x**3/3 + 6*x**2 - 3*x. What is the tens digit of d(-11)?
2
Let s = -256 - -2470. What is the units digit of s?
4
Suppose -3*v = 3*p - 1854, -6*v + 5*v = -2. What is the hundreds digit of p?
6
Let z(g) = -84*g - 22. Let c(t) = -169*t - 44. Let s(o) = 3*c(o) - 5*z(o). What is the tens digit of s(-2)?
5
Let b = 26 - 23. Suppose -2*x + 5*o + 110 = 0, -8*x - b*o + 213 = -3*x. What is the tens digit of x?
4
Let w(y) = -5*y - 52. Let d be w(-14). Let f = d + 50. What is the units digit of f?
8
Let x = -30 - -367. What is the hundreds digit of x?
3
Suppose -7*a - 15 = -12*a. Suppose 5*k + 5*u - 135 = 0, k - 26 + 5 = -a*u. What is the units digit of k?
0
What is the units digit of (886/3)/((-3)/(-9))?
6
Suppose -5*f = -0*f - 10. Let l be (-4)/6*(f + 1). What is the tens digit of l + 3 + (16 - 0)?
1
Suppose -8421 = -28*z - 609. What is the hundreds digit of z?
2
What is the tens digit of 6 + 627 + -1 + (4 - -1)?
3
Let a(l) = -l**3 - 5*l**2 + 8*l + 14. Let u be a(-6). Suppose -12*j + 2380 = -u*j. What is the tens digit of j?
3
Suppose -4*g - 7*v + 1628 = -3*v, -427 = -g + 3*v. Suppose 4*f - g = -4*x - 40, -307 = -3*x + 4*f. What is the tens digit of x?
9
Let l = 106 + -93. Let t be (-3)/(3/10) + -2. Let v = t + l. What is the units digit of v?
1
Let k(c) = 52*c**3 + 8*c**2 + 2*c. What is the units digit of k(2)?
2
Let t be ((-22)/44)/(-1*(-1)/(-244)). Suppose 13*z = t + 99. What is the units digit of z?
7
Let l be (-1219)/(-138) + 1/6. Suppose 415 = l*g - 4*g. What is the tens digit of g?
8
Let a(o) = -o + 9. Let l be a(7). Suppose 35 = 3*p + 2*t, 0*p + 5*t + 17 = l*p. Suppose -u + p = -0*u. What is the tens digit of u?
1
Let l be (-21)/14*22/(-3). Suppose l = -3*u - 13. Let g = u + 15. What is the units digit of g?
7
Suppose -432 = -2*l - 0*l. Let v = 303 - l. What is the tens digit of v?
8
Suppose -4572 = -5*w + 503. What is the units digit of w?
5
Suppose 5*m - 23 = 2*q, -q = -5*m + m + 16. Suppose -m*g + 33 = 12. What is the units digit of g?
7
Let h be -3 - (-3 - -2) - -2. Suppose -6*f + 5*f = h. Suppose -3*r + 40 + 5 = f. What is the tens digit of r?
1
Suppose 2*v - r - 10 = -0*v, 0 = 5*r + 10. What is the hundreds digit of -3*(-3 + v) + 110?
1
Let w(x) = 2*x**2 - x - 1. Let j be (2/6)/((-2)/(-18)). Let g = -4 + j. What is the units digit of w(g)?
2
Let l = -732 - -2355. What is the units digit of l?
3
Suppose 0 = m + m + 30. What is the tens digit of (-711)/m + 6/(-15)?
4
What is the thousands digit of 3 - (-510)/(-68)*1064/(-6)?
1
Let c = 46 - 46. Suppose -23 + c = -d. What is the tens digit of d?
2
Let f = 1375 + -836. What is the tens digit of f?
3
Let c be (-19 - -3)/(-2)*286/4. What is the units digit of c/10 + ((-15)/(-25))/(-3)?
7
What is the units digit of (-126)/(-10) - (-96)/240?
3
Let x = -2069 + 4100. What is the hundreds digit of x?
0
Let c(w) = -w + 2 + 3*w - 7*w - 5*w. Let q be c(2). Let r = 3 - q. What is the tens digit of r?
2
Let t = -100 + 170. Suppose -34 = -z - 4*l, l = -3*z - 3*l + t. What is the units digit of 148/z + (-6)/27?
8
Let k(r) = 21*r**2 - r - 1. Let b be -21 - (-4*1)/4. Let q be (-3)/15 - (-16)/b. What is the tens digit of k(q)?
2
Suppose -4881 = 11*a - 27453. What is the hundreds digit of a?
0
What is the units digit of (24/20)/((-6)/2320*-2)?
2
Let j(n) = -9*n**2 + 2*n + 1. Let s be j(-1). What is the units digit of 9*5 + (-20)/s?
7
Suppose 8*l = 4*l - u - 784, 4*u = 5*l + 980. Let o = l + 352. What is the tens digit of o?
5
Suppose -3*c + 101 - 11 = 0. Suppose 0 = c*r - 29*r - 64. What is the tens digit of r?
6
Let o(g) be the second derivative of -g**4/12 - 2*g**2 - 7*g. Let k be o(-5). Let y = -8 - k. What is the tens digit of y?
2
Let o(u) = -u**2 - 22*u + 5. Let m be o(-10). Let j = m - 82. What is the units digit of j?
3
Let b = 246 + -191. What is the tens digit of b?
5
What is the hundreds digit of (-11)/(121/(-2)) + 12800/22?
5
Suppose -1 = 5*k - 16, -3*a = -k - 717. What is the hundreds digit of a?
2
Suppose 0 = -40*y + 46895 - 9815. What is the tens digit of y?
2
Let o be 1/4 + (-52)/16. Let m be 209 + o/(-1) + -2. Suppose 5*f - m = -4*y, -y + 57 = -f + 9. What is the tens digit of y?
5
Let m(b) = b**3 - 5*b**2 - 7*b + 6. Let y be m(6). Suppose 5*x = -5*d - y*x + 25, -2*d - 3*x = -12. Suppose 2*p - d*p = -38. What is the tens digit of p?
3
Let n = -462 - -314. Let u = -78 - n. What is the units digit of u?
0
Let b(s) = -s**2 - 4 + 9*s + 3 - 5. Let d be b(10). Let q = d - -27. What is the tens digit of q?
1
Let h(g) = g**2 - 6*g + 10. Let y(n) = -n**2 - 17*n + 8. Suppose -66 = 3*u + 3*p + 2*p, 4*p + 80 = -4*u. Let m be y(u). What is the tens digit of h(m)?
2
Let d(b) = 2*b**2 - b - 1. Let c be d(1). Suppose -18*w + 23*w - 440 = c. What is the units digit of w?
8
Let x(t) = 236*t**2 + 7*t + 8. What is the units digit of x(-2)?
8
Let z(t) = 4*t + 1. Let a(u) = 5*u + 2. Let x(k) = 3*a(k) - 2*z(k). Let m = -10 - -13. What is the units digit of x(m)?
5
Suppose 0 = 2*n - 3*w - 7125, -n + 3615 = 3*w + 39. What is the units digit of n?
7
Let i be ((-2)/3)/((-1)/(-18)). Let l(r) = -6 + 0*r**2 + 10*r - r**3 - 13*r**2 - 26*r. What is the units digit of l(i)?
2
Let w = -42 + 47. Suppose w*f + 0 = d + 14, 40 = 4*d + 4*f. What is the units d